 -4*l - 11 = 33. Let y = l - -10. Let v(q) = q**2. Give v(y).
1
Let s(x) be the first derivative of -1/2*x**2 + 4*x - 2. Suppose 0*o + 2*o - 8 = 0. Calculate s(o).
0
Let w(d) = -d - 3. Let k be w(-4). Suppose 3 = 2*u - k. Let f(b) = -2 + 7*b + u + b**3 + 1 + 6*b**2. Calculate f(-5).
-9
Let b be 0 - (-2)/((-4)/(-6)). Let s(f) = f**2 - 5. Let w(c) = -c**2 - c + 6. Let g(m) = 6*s(m) + 5*w(m). Determine g(b).
-6
Let q = 34 + -39. Let g(r) be the second derivative of r**4/12 + r**3 - r**2/2 - 2*r. Calculate g(q).
-6
Let q(p) be the third derivative of -p**2 + 0*p - 1/3*p**3 + 1/4*p**4 + 0 + 1/60*p**5. What is q(-6)?
-2
Let y(j) = 9*j**2 + 10*j - 4. Let f(m) = m**2 + m - 1. Let i(l) = -6*f(l) + y(l). Calculate i(-2).
6
Suppose 21 = 2*b + 5*h, 5*b = 4*h + 14 + 22. Suppose 5*u - 5*o = 12 + b, -14 = -2*u + 4*o. Let p(g) = -9*g**3 + 1. Determine p(u).
-8
Let y = 146 + -149. Let g(o) be the second derivative of -o**4/12 - o**3/2 + 2*o**2 + 2*o. Calculate g(y).
4
Let r(l) = -l**3 - l**2. Let c(s) = s**2 + 6*s - 1. Let k be c(-6). Let x be 0/k*(-2 - -1). Calculate r(x).
0
Let m be (-1)/(2/2) + 3. Let k = 1 + -1. Let o(x) = k*x + 3*x + 1 + 0. Give o(m).
7
Let n = 47 - 47. Let y(l) = l**2 - l + 5. Determine y(n).
5
Let g(p) = p**3 - 2*p**2 - 5*p + 4. Let u be 76/18 - 8/36. Calculate g(u).
16
Suppose 4*h - 2*i = 2*i + 20, -5*h + 3*i + 21 = 0. Let k(y) = -5*y**2 + 3 + y**h - 2*y + y - 4*y. Determine k(6).
9
Let u = -12 - -8. Let y(h) = -h**3 - 5*h**2 - 4*h - 1. Give y(u).
-1
Let d(c) = c**3 + 4*c**2 - 6*c - 7. Let s be d(-5). Let g = 4 + s. Let v(l) = -g - 4 + 3 + 2*l. Give v(2).
1
Let x be 3/(-3) + 1*2. Let a(m) = -m + 1. Let r(k) = 2*k + 4. Let g(y) = -3*a(y) + r(y). Give g(x).
6
Let r(i) = -2*i - 7. Let q(c) = c + 6. Let k(y) = 3*q(y) + 2*r(y). What is k(7)?
-3
Let k be -2*3 - (1 - 2). Let g(y) be the second derivative of -y**5/20 - 5*y**4/12 + y**2 + y. What is g(k)?
2
Let h(c) be the third derivative of -5*c**4/12 + 2*c**2. Let r = -8 + 7. Determine h(r).
10
Suppose -8*c + 0*c + 32 = 0. Let j(r) = -2*r**2 + 5*r + 1. What is j(c)?
-11
Let m(k) = -12*k**2 + 9*k. Let w(b) = -3*b**2 + 2*b. Let o(y) = 2*m(y) - 9*w(y). What is o(1)?
3
Let k(c) = -c**2 - 3*c - 9. Let n(l) = -l - 1. Let g(a) = k(a) - 3*n(a). Give g(0).
-6
Suppose -5*m + 0 = 10. Let n(h) = -h**3 - 2*h**2 - 2. Let b be n(m). Let j(d) = -4*d - 1. Calculate j(b).
7
Suppose 0 = -2*x + x + 5*k + 9, 4*x - 2*k - 18 = 0. Suppose -1 - x = -5*j. Let r(i) be the second derivative of 5*i**4/12 - 7*i. Determine r(j).
5
Suppose 2*c + 2 + 2 = 0. Suppose 3*p + p - 16 = 0. Let k be -1 + p + (-4 - c). Let m(n) = -2*n. Determine m(k).
-2
Let o = -1 + 3. Let v be (-2 + 14/4)*o. Let s = 7 - v. Let y(x) = x**2 - 6*x + 2. Calculate y(s).
-6
Suppose -3*x = x. Let i(n) = n + x*n - n**2 + 0*n + 1. Suppose 2*y + 4*u = 16, y + 0*u - 3*u + 7 = 0. Determine i(y).
-1
Suppose 4*u - 8 + 0 = 0. Let n(t) = -t**2 + 2*t + 2. Give n(u).
2
Let s(y) = -y**2 - 4*y + 4. Suppose -g - 2*u - 9 = 0, -3*g + 4*g + 7 = -u. Determine s(g).
-1
Let p be (21/9 + -2)/(4/36). Let f(h) = -h**2 + 2*h - 4. Calculate f(p).
-7
Let f(o) = -o**3 - 2*o**2 + 1. Let w(g) = 5*g**2 + 3*g - 4. Let a be w(3). Let x be (a/(-5))/(-2 - 0). Suppose 3*v + c = -x, 1 + 8 = -5*v - c. What is f(v)?
1
Let x(g) = g**3 + g**2 - g - 1. Let v(w) = 7*w**3 + 14*w**2 - 13. Let y(k) = v(k) - 6*x(k). What is y(-7)?
0
Let c(s) = -7 + 1 + 6 - 3*s + s**2 - 2. What is c(4)?
2
Let v(x) be the first derivative of -7*x**5/120 - x**4/24 + x**3/3 - 5. Let k(h) be the third derivative of v(h). Determine k(-2).
13
Suppose 0 = -2*z - 3*n + 13, -1 = 5*z - n - 8. Let j(h) = h**2 + 8*h + 4. Let a(i) = i**2 + 9*i + 4. Let s(v) = z*a(v) - 3*j(v). Give s(-4).
4
Let v(c) be the first derivative of 5*c - 1/3*c**3 + 3 - 1/2*c**2. Calculate v(-4).
-7
Let r(v) be the third derivative of 1/12*v**5 + 0 + 0*v - 1/2*v**3 - 1/120*v**6 + 4*v**2 - 1/6*v**4. Suppose -12 + 0 = -3*b. Calculate r(b).
-3
Let s(k) = -k**2 - 8*k + 5. Let x be s(-9). Let m = x - -7. Suppose -m*c = -z - 4*z - 6, 4*c = 4*z. Let y(r) = r**3 + 3*r**2 + r. Give y(z).
-3
Let d(q) be the third derivative of 0*q**3 + q**2 + 0*q + 1/24*q**4 + 0. Calculate d(4).
4
Let x(i) = -9 + i**2 + 9. Let r(q) = -6*q**2 + 6*q - 6. Let z(a) = r(a) + 5*x(a). Suppose m - 4*b = -15, 0*m + 2*m + 5*b - 35 = 0. Calculate z(m).
-1
Let q(w) be the third derivative of -w**5/60 + 5*w**4/24 + 4*w**3/3 - w**2. Suppose 0 = -t + 3*u - 9, 2*t + 0*u + 5*u - 37 = 0. What is q(t)?
2
Let c(o) be the third derivative of -o**5/60 + o**3/6 + 2*o**2. Let f be 3*3*(-2)/(-6). Determine c(f).
-8
Suppose 3*u + 15 = -0*u. Let o(v) = -2*v - 2. Give o(u).
8
Let r(x) = -13*x**2 + 0 - 1 - x**3 - 2*x - 5*x**3 + 12*x**2. Give r(-1).
6
Let x(k) be the first derivative of k**4/4 + 2*k**3 + 4*k**2 + 5*k + 8. Determine x(-5).
-10
Let r(t) = 2 - 6 - t + 1 - t**2 - 4*t. Let x be r(-5). Let o(k) = -k**2 - k - 2. What is o(x)?
-8
Let w(m) = 3*m + 15. Let j be w(-7). Let u(k) = -k**2 - 7*k + 1. Give u(j).
7
Let d(j) = j - 2. Let b = -9 - -14. Determine d(b).
3
Suppose -3*z - 19 = -j - 2, -5*z - 43 = 2*j. Let t(m) = m + 11. What is t(z)?
4
Let q = 1 - 4. Let y(x) = x**2 + 3*x + 6. Let k be y(q). Let c(a) = a - 8. What is c(k)?
-2
Let d(m) = -m**2 - 4*m + 7. Let h be (-3 + 3)*(-1 - -2). Suppose -5*c - 25 = -h*c. Give d(c).
2
Suppose -4*f + 56 = -0*f + 4*q, -3*f - 2*q + 43 = 0. Suppose 0 = -5*m - 5 - f. Let p be 4/6*30/m. Let i(n) = n**3 + 4*n**2 - 3*n - 3. What is i(p)?
-13
Let r be (-2)/(-8) + (-21)/(-12). Let o(p) = p**3 + 3*p**2 + 3*p - 3. Let w(g) = 2*g**3 + 4*g**2 + 4*g - 4. Let n(u) = -3*o(u) + 2*w(u). Determine n(r).
3
Suppose 0 = -4*f + f. Let n(c) = c**3 + 5. Calculate n(f).
5
Let b(r) = -r - 3. Suppose -6*q - 18 = -3*q. Determine b(q).
3
Let x be 2/(-6) + (-8)/12. Let d = x + 0. Let f(s) = -1. Let a(c) = -9*c**2 + 2*c - 1. Let n(i) = -a(i) + 2*f(i). Determine n(d).
10
Let x(j) be the second derivative of -1/2*j**3 + 0 - 5/12*j**4 - 1/20*j**5 + 2*j + 2*j**2. Calculate x(-4).
0
Let i(m) = 9*m - 1. Let k(a) = -22*a + 2. Let h(q) = -12*i(q) - 5*k(q). Suppose 0 + 2 = l. Determine h(l).
6
Let d(u) = -u**2 - 9*u - 2. Let g be d(-9). Let q(y) = 7*y**2 - y. What is q(g)?
30
Let s(u) = -u**2 - 11*u + 2. Let y be s(-11). Let t(j) be the third derivative of j**5/60 - j**4/24 + j**3/3 + 2*j**2. What is t(y)?
4
Let m = 8 - 16. Let l be (-10)/(-8) - (-2)/m. Let j(s) = -8*s**3 - s**2 + 2*s - 1. Calculate j(l).
-8
Let f = -4 - -6. Let y(k) = -6*k**3 + 4*k**2 + 1. Let z(x) = 5*x**3 - 3*x**2 - 1. Let s(l) = 4*y(l) + 5*z(l). What is s(f)?
11
Suppose w - 4*w = -12. Suppose -4*i = 3*a - 26, -w*a + 33 = 8*i - 3*i. Let s(v) = -1 - 2*v**a + 0*v**2 + 3*v**2. Give s(1).
0
Let y(o) = -o**2. Let i(r) = -4*r**2 - 2*r - 1. Let m(n) = -i(n) - 3*y(n). Let d be (9/18)/((-2)/4). What is m(d)?
6
Let s be ((-4)/6)/(3/(-9)). Let h be 6*1/s*1. Let l(r) = -r**3 + r**2 + 4*r - 1. Give l(h).
-7
Suppose 3*r = 5*q - 35, -5*r - 4*q + q - 47 = 0. Let y(p) = -2*p - 15. Calculate y(r).
5
Let s(l) = -l**3 - 4*l**2 + 7*l - 5. Let z(n) = -n**3 - 4*n**2 + 6*n - 5. Let d(q) = -5*s(q) + 6*z(q). Calculate d(-4).
-9
Suppose -2*u - c - 1 = -5, 0 = -2*c. Let h(r) = -2 - 9*r**u + r**2 - 6*r + 7*r**2. Determine h(-5).
3
Let x(z) = 0*z - z + 0*z - 7. Let v(r) = -r**3 + 16*r**2 + 3*r - 54. Let k be v(16). Calculate x(k).
-1
Let f(z) be the first derivative of z**4/4 + 7*z**3/3 - 3*z**2/2 - 7*z + 6. Calculate f(-7).
14
Let l(b) be the third derivative of -b**6/120 + b**5/15 - b**4/8 + b**3 - 29*b**2. Determine l(4).
-6
Let g be (-4)/(-18) - 75/(-27). Suppose g + 1 = l. Let c(k) = -5 + 5 - l*k**2 + 3*k**2 + 3. What is c(3)?
-6
Let t(f) be the second derivative of 2*f**3/3 - 3*f**2 + f. Give t(5).
14
Let y(d) = -d**2 - 8*d + 2. Let m be y(-8). Let a(f) = f**2 + f. Let l(c) = 4*c**3 + 3*c**2 + 3*c. Let h(j) = m*a(j) - l(j). What is h(-1)?
4
Suppose 0*c = -2*c + 4. Let p(m) = m**3 - 4*m**2 + 2*m + 1. Let q be p(4). Let v(l) = q + 8*l**c + l - 9. What is v(1)?
9
Suppose 3 = -4*a + 3*g, 8 = a + g - 0. Suppose -c - a*c = -8. Let k(o) be the first derivative of -o**3/3 + 2*o**2 - 3*o - 1. What is k(c)?
1
Let r(s) = -6 + 5*s - 6*s - 6*s - s**2. What is r(-4)?
6
Let i(l) = 4*l. Let v be i(2). Let t be -1*2/4*v. Let d(k) be the third derivative of k**5/60 + k**4